{"id":7,"date":"2018-10-14T18:37:43","date_gmt":"2018-10-14T18:37:43","guid":{"rendered":"http:\/\/materialistischedialektik.blogsport.eu\/?page_id=4"},"modified":"2025-02-08T10:52:05","modified_gmt":"2025-02-08T10:52:05","slug":"ueber","status":"publish","type":"page","link":"http:\/\/www.materialistische-dialektik.net\/?page_id=7","title":{"rendered":"\u00dcber uns"},"content":{"rendered":"\n<p>Kontakt: <a href=\"mailto:mail@materialistische-dialektik.net\">mail@materialistische-dialektik.net<\/a><\/p>\n\n\n\n<p>Der Arbeitskreis rezipiert und diskutiert die Tradition der materialistischen Dialektik mit der Perspektive, sie f\u00fcr gegenw\u00e4rtige Bedingungen zu rekonstruieren und sie als Methode zur Kritik der Gegenwart wieder auszuarbeiten. Materialistisch ist diese Methode erst, wenn sie sich mit umw\u00e4lzender Praxis verbindet.<\/p>\n\n\n\n<h3 class=\"wp-block-heading\">Positionen zur Dialektik-Diskussion<\/h3>\n\n\n\n<p>\u201eDie Entfernung der Dialektik aus der Methode des sozialistischen Denkens hebt also den Sozialismus selbst aus dem geschichtlichen Prozess des Klassenkampfes heraus.\u201c (Luk\u00e1cs, Geschichte und Klassenbewu\u00dftsein, 1923)<\/p>\n\n\n\n<p>Auch heute ist das dialektische Denken wieder aus der Theorie-Diskussion verschwunden. Ohne Dialektik hat die Theorie weder ein Konzept von Widerspr\u00fcchen noch von Totalit\u00e4t. Sie verf\u00e4llt theoretisch in Affirmation, praktisch in Reformismus. Der &#8222;Diamat&#8220; (dialektische Materialismus) des Marxismus-Leninismus ist dazu jedoch keine Alternative: In ihm ist die Dialektik zu einer staatstragenden, antiemanzipatorischen Doktrin erstarrt.<\/p>\n\n\n\n<p>Die Dialektik-Diskussion ist heute an einem absoluten Tiefpunkt angelangt. Zwar gab es etwa von 1960 bis 1980 eine lebendige Diskussion mit vielfachen Beitr\u00e4gen, aber die Diskussionsstr\u00e4nge von damals sind abgebrochen und die Beteiligten haben sich anderen Themen zugewandt. Wir befinden uns daher heute, was die materialistische Dialektik angeht, in einer recht prek\u00e4ren, geschichtslosen Situation. Materialistische Dialektik, die die Gegenwart trifft und sich mit revolution\u00e4rer Praxis verbindet, muss heute neu ausgearbeitet werden. Sie ist eine Aufgabe in unserer Gegenwart.<\/p>\n","protected":false},"excerpt":{"rendered":"<p>Kontakt: mail@materialistische-dialektik.net Der Arbeitskreis rezipiert und diskutiert die Tradition der materialistischen Dialektik mit der Perspektive, sie f\u00fcr gegenw\u00e4rtige Bedingungen zu rekonstruieren und sie als Methode zur Kritik der Gegenwart wieder [&hellip;]<\/p>\n","protected":false},"author":1,"featured_media":0,"parent":0,"menu_order":2,"comment_status":"closed","ping_status":"closed","template":"","meta":{"footnotes":""},"class_list":["post-7","page","type-page","status-publish","hentry"],"_links":{"self":[{"href":"http:\/\/www.materialistische-dialektik.net\/index.php?rest_route=\/wp\/v2\/pages\/7","targetHints":{"allow":["GET"]}}],"collection":[{"href":"http:\/\/www.materialistische-dialektik.net\/index.php?rest_route=\/wp\/v2\/pages"}],"about":[{"href":"http:\/\/www.materialistische-dialektik.net\/index.php?rest_route=\/wp\/v2\/types\/page"}],"author":[{"embeddable":true,"href":"http:\/\/www.materialistische-dialektik.net\/index.php?rest_route=\/wp\/v2\/users\/1"}],"replies":[{"embeddable":true,"href":"http:\/\/www.materialistische-dialektik.net\/index.php?rest_route=%2Fwp%2Fv2%2Fcomments&post=7"}],"version-history":[{"count":8,"href":"http:\/\/www.materialistische-dialektik.net\/index.php?rest_route=\/wp\/v2\/pages\/7\/revisions"}],"predecessor-version":[{"id":254,"href":"http:\/\/www.materialistische-dialektik.net\/index.php?rest_route=\/wp\/v2\/pages\/7\/revisions\/254"}],"wp:attachment":[{"href":"http:\/\/www.materialistische-dialektik.net\/index.php?rest_route=%2Fwp%2Fv2%2Fmedia&parent=7"}],"curies":[{"name":"wp","href":"https:\/\/api.w.org\/{rel}","templated":true}]}}